{"id":1284,"date":"2019-09-25T16:35:44","date_gmt":"2019-09-25T14:35:44","guid":{"rendered":"https:\/\/www.frauen-von-schoenstatt.de\/kreativecke\/maiandacht\/"},"modified":"2021-02-08T17:39:34","modified_gmt":"2021-02-08T16:39:34","slug":"maiandacht","status":"publish","type":"kreativecke","link":"https:\/\/www.frauen-von-schoenstatt.de\/es\/rincon-creativo\/maiandacht\/","title":{"rendered":"Nostalgia \u2013 Textos de M.T. Gresch"},"content":{"rendered":"\n<p>Al caer aquella tarde de mayo<br>fuera no hab\u00eda brisa tibia,<br>sino viento y fr\u00edo.<\/p>\n\n\n\n<p>Dentro, un pu\u00f1ado de \u00abp\u00edos\u00bb<br>rezaba una devoci\u00f3n mariana<br>ante la estatua de Mar\u00eda con el Ni\u00f1o.<\/p>\n\n\n\n<p>Para acompa\u00f1ar la ceremonia<br>se entonaban cantos conocidos, ya queridos,<br><br>pero el clima no era agradable<br>ni la atm\u00f3sfera hogare\u00f1a;<br>tampoco ol\u00eda como antes.<br><br>Tampoco yo soy ya la misma.<\/p>\n\n\n\n<p>Un antiguo retablo:<br>Mar\u00eda, la Virgen Desatanudos.<\/p>\n\n\n\n<p>Textos pensativos de personas<br>que tienen una relaci\u00f3n con Mar\u00eda,<br>que viven con ella<br>los nudos de cada d\u00eda,<br>m\u00faltiples y duraderos,<br><br>que sueltan<br>la cinta con los nudos<br>y se la dejan a Ella y a \u00c9l.<\/p>\n\n\n\n<p>Aprovechar el clima pensativo<br>para dejar que Ella entre de nuevo en mi vida,<br>para dar espacio a la nostalgia de lo perdido.<\/p>\n\n\n\n<p><\/p>\n\n\n\n<p>Fuente:  <a aria-label=\"http:\/\/www.spurensuche.info\/wp-spurensuche\/portfolio\/maiandacht\/  (\u00f6ffnet in neuem Tab)\" rel=\"noreferrer noopener\" href=\"http:\/\/www.spurensuche.info\/wp-spurensuche\/portfolio\/maiandacht\/\" target=\"_blank\">http:\/\/www.spurensuche.info\/wp-spurensuche\/portfolio\/maiandacht\/ <\/a><\/p>\n\n\n\n<p>M\u00e1s textos de Maria-Theresia Gresch en:<br><a aria-label=\" https:\/\/www.spurensuche.info\/wp-spurensuche\/?s=Gresch  (\u00f6ffnet in neuem Tab)\" href=\"https:\/\/www.spurensuche.info\/wp-spurensuche\/?s=Gresch\" target=\"_blank\" rel=\"noreferrer noopener\">https:\/\/www.spurensuche.info\/wp-spurensuche\/?s=Gresch <\/a><\/p>\n","protected":false},"excerpt":{"rendered":"<p>Al caer aquella tarde de mayofuera no hab\u00eda brisa tibia,sino viento y fr\u00edo. Dentro, un pu\u00f1ado de \u00abp\u00edos\u00bbrezaba una devoci\u00f3n marianaante la estatua de Mar\u00eda con el Ni\u00f1o. Para acompa\u00f1ar la ceremoniase entonaban cantos conocidos, ya queridos, pero el clima no era agradableni la atm\u00f3sfera hogare\u00f1a;tampoco ol\u00eda como antes. Tampoco yo soy ya la misma. &#8230; <a title=\"Nostalgia \u2013 Textos de M.T. Gresch\" class=\"read-more\" href=\"https:\/\/www.frauen-von-schoenstatt.de\/es\/rincon-creativo\/maiandacht\/\" aria-label=\"Leer m\u00e1s sobre Nostalgia \u2013 Textos de M.T. Gresch\">Leer m\u00e1s<\/a><\/p>\n","protected":false},"featured_media":1017,"template":"","meta":{"_acf_changed":false,"footnotes":""},"class_list":["post-1284","kreativecke","type-kreativecke","status-publish","has-post-thumbnail","hentry"],"acf":[],"_links":{"self":[{"href":"https:\/\/www.frauen-von-schoenstatt.de\/es\/wp-json\/wp\/v2\/kreativecke\/1284","targetHints":{"allow":["GET"]}}],"collection":[{"href":"https:\/\/www.frauen-von-schoenstatt.de\/es\/wp-json\/wp\/v2\/kreativecke"}],"about":[{"href":"https:\/\/www.frauen-von-schoenstatt.de\/es\/wp-json\/wp\/v2\/types\/kreativecke"}],"version-history":[{"count":1,"href":"https:\/\/www.frauen-von-schoenstatt.de\/es\/wp-json\/wp\/v2\/kreativecke\/1284\/revisions"}],"predecessor-version":[{"id":1285,"href":"https:\/\/www.frauen-von-schoenstatt.de\/es\/wp-json\/wp\/v2\/kreativecke\/1284\/revisions\/1285"}],"wp:featuredmedia":[{"embeddable":true,"href":"https:\/\/www.frauen-von-schoenstatt.de\/es\/wp-json\/wp\/v2\/media\/1017"}],"wp:attachment":[{"href":"https:\/\/www.frauen-von-schoenstatt.de\/es\/wp-json\/wp\/v2\/media?parent=1284"}],"curies":[{"name":"wp","href":"https:\/\/api.w.org\/{rel}","templated":true}]}}

<p>Al caer aquella tarde de mayo<br>fuera no había brisa tibia,<br>sino viento y frío.</p>



<p>Dentro, un puñado de «píos»<br>rezaba una devoción mariana<br>ante la estatua de María con el Niño.</p>



<p>Para acompañar la ceremonia<br>se entonaban cantos conocidos, ya queridos,<br><br>pero el clima no era agradable<br>ni la atmósfera hogareña;<br>tampoco olía como antes.<br><br>Tampoco yo soy ya la misma.</p>



<p>Un antiguo retablo:<br>María, la Virgen Desatanudos.</p>



<p>Textos pensativos de personas<br>que tienen una relación con María,<br>que viven con ella<br>los nudos de cada día,<br>múltiples y duraderos,<br><br>que sueltan<br>la cinta con los nudos<br>y se la dejan a Ella y a Él.</p>



<p>Aprovechar el clima pensativo<br>para dejar que Ella entre de nuevo en mi vida,<br>para dar espacio a la nostalgia de lo perdido.</p>



<p></p>



<p>Fuente:  <a aria-label="http://www.spurensuche.info/wp-spurensuche/portfolio/maiandacht/  (öffnet in neuem Tab)" rel="noreferrer noopener" href="http://www.spurensuche.info/wp-spurensuche/portfolio/maiandacht/" target="_blank">http://www.spurensuche.info/wp-spurensuche/portfolio/maiandacht/ </a></p>



<p>Más textos de Maria-Theresia Gresch en:<br><a aria-label=" https://www.spurensuche.info/wp-spurensuche/?s=Gresch  (öffnet in neuem Tab)" href="https://www.spurensuche.info/wp-spurensuche/?s=Gresch" target="_blank" rel="noreferrer noopener">https://www.spurensuche.info/wp-spurensuche/?s=Gresch </a></p>

<p>Al caer aquella tarde de mayofuera no había brisa tibia,sino viento y frío. Dentro, un puñado de «píos»rezaba una devoción marianaante la estatua de María con el Niño. Para acompañar la ceremoniase entonaban cantos conocidos, ya queridos, pero el clima no era agradableni la atmósfera hogareña;tampoco olía como antes. Tampoco yo soy ya la misma. &#8230; <a title="Nostalgia – Textos de M.T. Gresch" class="read-more" href="https://www.frauen-von-schoenstatt.de/es/rincon-creativo/maiandacht/" aria-label="Leer más sobre Nostalgia – Textos de M.T. Gresch">Leer más</a></p>
