{"id":1282,"date":"2019-12-18T17:04:56","date_gmt":"2019-12-18T16:04:56","guid":{"rendered":"https:\/\/www.frauen-von-schoenstatt.de\/kreativecke\/mit-dir\/"},"modified":"2021-02-08T17:38:03","modified_gmt":"2021-02-08T16:38:03","slug":"mit-dir","status":"publish","type":"kreativecke","link":"https:\/\/www.frauen-von-schoenstatt.de\/es\/rincon-creativo\/mit-dir\/","title":{"rendered":"Contigo \u2013 Textos de M. Kraus"},"content":{"rendered":"\n<p>T\u00fa, Cristo, est\u00e1s ah\u00ed,<br>te me regalas por entero,<br>vives en m\u00ed,<br>quieres obrar a trav\u00e9s de m\u00ed,<br>ir en m\u00ed hacia los hombres.<\/p>\n\n\n\n<p>A trav\u00e9s de m\u00ed quieres estar presente en el mundo,<br>acercarte a los hombres,<br>tocarlos,<br>obrar en ellos.<\/p>\n\n\n\n<p>Como a Mar\u00eda,<br>se me concede llevarte al mundo y a los hombres.<\/p>\n\n\n\n<p>Unida a ti<br>me pongo en camino desde aqu\u00ed<br>hacia donde me necesites<br>para hacerte presente.<\/p>\n\n\n\n<p>T\u00fa dices: \u00abQuien me ha visto a m\u00ed ha visto al Padre\u00bb.<br>Eso mismo han de poder experimentar los hombres tambi\u00e9n hoy a trav\u00e9s de nosotras:<br>quien me ve a m\u00ed debe poder ver al Padre;<\/p>\n\n\n\n<p>quien se encuentre conmigo debe poder encontrarse con Cristo;<br>quien me vea actuar debe ver actuar al Esp\u00edritu de Dios a trav\u00e9s de m\u00ed.<\/p>\n\n\n\n<p>T\u00fa, Dios de nuestra vida,<br>cuya misi\u00f3n solo vivimos<br>si est\u00e1s, obras y act\u00faas en nosotras,<\/p>\n\n\n\n<p>haz que seamos cada vez m\u00e1s imagen tuya,<br>vaso tuyo,<br>unidas a ti.<\/p>\n\n\n\n<p>Camina con nosotras y act\u00faa en nosotras y a trav\u00e9s de nosotras.<\/p>\n\n\n\n<p><strong>Al pie de la cruz<\/strong><\/p>\n\n\n\n<p>T\u00fa dijiste S\u00cd, Mar\u00eda,<br>en aquel entonces, en el momento de la anunciaci\u00f3n,<br>sin sospechar lo que se avecinaba.<\/p>\n\n\n\n<p>Y mantuviste tu S\u00cd<br>a lo largo de toda tu vida.<\/p>\n\n\n\n<p>Ese S\u00cd<br>cambi\u00f3 tu vida,<br>te llev\u00f3 al pie de la cruz.<\/p>\n\n\n\n<p>T\u00fa no LO dejaste solo<br>en esa hora dif\u00edcil;<br>te mantuviste de SU parte,<br>permaneciste junto a \u00c9L<br>donde todos los dem\u00e1s lo abandonaron.<\/p>\n\n\n\n<p>T\u00fa <strong>estuviste de pie <\/strong>junto a la cruz,<br>nos relata el Evangelio de Juan.<br><br>Me detengo en la expresi\u00f3n \u00abestar de pie\u00bb:<\/p>\n\n\n\n<p>\u00a1t\u00fa estuviste de pie!<\/p>\n\n\n\n<p>\u00bfC\u00f3mo se puede estar de pie en esa hora inconcebible?<\/p>\n\n\n\n<p>Noto que hay m\u00e1s cosas en ese \u00abestar de pie\u00bb:<br>t\u00fa no te dejas doblegar.<\/p>\n\n\n\n<p>T\u00fa, mujer de fuerza incre\u00edble,<br>t\u00fa mantienes tu S\u00cd de entonces,<br>est\u00e1s de pie junto a \u00c9L,<br>te mantienes de SU parte<br>aun cuando nadie m\u00e1s lo hace.<\/p>\n\n\n\n<p>\u00a1Qu\u00e9 fe tan profunda<br>tienes que tener en ese Dios!<\/p>\n\n\n\n<p>\u00a1Qu\u00e9 confianza<br>en que las tinieblas y el dolor no son lo \u00faltimo,<br>incluso cuando no lo comprendes!<br>\u00a1Y qu\u00e9 amor tan profundo tienes que tener a ese Jes\u00fas, tu Hijo!<\/p>\n\n\n\n<p>\u00a1Ad\u00e9ntrame<br>en esa fe inconmovible,<br>en tu confianza firme cual roca<br>y en tu profundo amor a \u00c9L!<\/p>\n\n\n\n<p>Haz que est\u00e9 de pie contigo<br>al pie de mi cruz de cada d\u00eda,<br>en toda oscuridad,<br>cada vez que no entienda por qu\u00e9 sucede alguna cosa.<\/p>\n\n\n\n<p>\u00abAh\u00ed tienes a tu madre\u00bb, dijo Jes\u00fas:<br>no se lo dice solo a Juan,<br>sino tambi\u00e9n a m\u00ed.<\/p>\n\n\n\n<p>\u00abAh\u00ed tienes a tu madre\u00bb.<br>Porque sabe cu\u00e1nto nos cuesta<br>a los hombres sobrellevar esas situaciones,<br>nos ha confiado al cuidado de alguien:<br>de una mujer fuerte,<br>su propia madre;<br>alguien que sabe<br>qu\u00e9 dif\u00edcil es a veces estar de pie.<\/p>\n\n\n\n<p>\u00a1Dame tu apoyo, Madre!<\/p>\n\n\n\n<p>A trav\u00e9s de m\u00ed quieres estar presente en el mundo,<br>acercarte a los hombres,<br>tocarlos,<br>obrar en ellos.<\/p>\n\n\n\n<p>Como a Mar\u00eda,<br>se me concede llevarte al mundo y a los hombres.<\/p>\n\n\n\n<p>Unida a ti<br>me pongo en camino desde aqu\u00ed<br>hacia donde me necesites<br>para hacerte presente.<\/p>\n\n\n\n<p>T\u00fa dices: \u00abQuien me ha visto a m\u00ed ha visto al Padre\u00bb.<br>Eso mismo han de poder experimentar los hombres tambi\u00e9n hoy a trav\u00e9s de nosotras:<br>quien me ve a m\u00ed debe poder ver al Padre;<\/p>\n\n\n\n<p>quien se encuentre conmigo debe poder encontrarse con Cristo;<br>quien me vea actuar debe ver actuar al Esp\u00edritu de Dios a trav\u00e9s de m\u00ed.<\/p>\n\n\n\n<p>T\u00fa, Dios de nuestra vida,<br>cuya misi\u00f3n solo vivimos<br>si est\u00e1s, obras y act\u00faas en nosotras,<\/p>\n\n\n\n<p>haz que seamos cada vez m\u00e1s imagen tuya,<br>vaso tuyo,<br>unidas a ti.<\/p>\n\n\n\n<p>Camina con nosotras y act\u00faa en nosotras y a trav\u00e9s de nosotras.<\/p>\n\n\n\n<p><strong>Al pie de la cruz<\/strong><\/p>\n\n\n\n<p>T\u00fa dijiste S\u00cd, Mar\u00eda,<br>en aquel entonces, en el momento de la anunciaci\u00f3n,<br>sin sospechar lo que se avecinaba.<\/p>\n\n\n\n<p>Y mantuviste tu S\u00cd<br>a lo largo de toda tu vida.<\/p>\n\n\n\n<p>Ese S\u00cd<br>cambi\u00f3 tu vida,<br>te llev\u00f3 al pie de la cruz.<\/p>\n\n\n\n<p>T\u00fa no LO dejaste solo<br>en esa hora dif\u00edcil;<br>te mantuviste de SU parte,<br>permaneciste junto a \u00c9L<br>donde todos los dem\u00e1s lo abandonaron.<\/p>\n\n\n\n<p>T\u00fa <strong>estuviste de pie <\/strong>junto a la cruz,<br>nos relata el Evangelio de Juan.<br><br>Me detengo en la expresi\u00f3n \u00abestar de pie\u00bb:<\/p>\n\n\n\n<p>\u00a1t\u00fa estuviste de pie!<\/p>\n\n\n\n<p>\u00bfC\u00f3mo se puede estar de pie en esa hora inconcebible?<\/p>\n\n\n\n<p>Noto que hay m\u00e1s cosas en ese \u00abestar de pie\u00bb:<br>t\u00fa no te dejas doblegar.<\/p>\n\n\n\n<p>T\u00fa, mujer de fuerza incre\u00edble,<br>t\u00fa mantienes tu S\u00cd de entonces,<br>est\u00e1s de pie junto a \u00c9L,<br>te mantienes de SU parte<br>aun cuando nadie m\u00e1s lo hace.<\/p>\n\n\n\n<p>\u00a1Qu\u00e9 fe tan profunda<br>tienes que tener en ese Dios!<\/p>\n\n\n\n<p>\u00a1Qu\u00e9 confianza<br>en que las tinieblas y el dolor no son lo \u00faltimo,<br>incluso cuando no lo comprendes!<br>\u00a1Y qu\u00e9 amor tan profundo tienes que tener a ese Jes\u00fas, tu Hijo!<\/p>\n\n\n\n<p>\u00a1Ad\u00e9ntrame<br>en esa fe inconmovible,<br>en tu confianza firme cual roca<br>y en tu profundo amor a \u00c9L!<\/p>\n\n\n\n<p>Haz que est\u00e9 de pie contigo<br>al pie de mi cruz de cada d\u00eda,<br>en toda oscuridad,<br>cada vez que no entienda por qu\u00e9 sucede alguna cosa.<\/p>\n\n\n\n<p>\u00abAh\u00ed tienes a tu madre\u00bb, dijo Jes\u00fas:<br>no se lo dice solo a Juan,<br>sino tambi\u00e9n a m\u00ed.<\/p>\n\n\n\n<p>\u00abAh\u00ed tienes a tu madre\u00bb.<br>Porque sabe cu\u00e1nto nos cuesta<br>a los hombres sobrellevar esas situaciones,<br>nos ha confiado al cuidado de alguien:<br>de una mujer fuerte,<br>su propia madre;<br>alguien que sabe<br>qu\u00e9 dif\u00edcil es a veces estar de pie.<\/p>\n\n\n\n<p>\u00a1Dame tu apoyo, Madre!<\/p>\n\n\n\n<p><\/p>\n","protected":false},"excerpt":{"rendered":"<p>T\u00fa, Cristo, est\u00e1s ah\u00ed,te me regalas por entero,vives en m\u00ed,quieres obrar a trav\u00e9s de m\u00ed,ir en m\u00ed hacia los hombres. A trav\u00e9s de m\u00ed quieres estar presente en el mundo,acercarte a los hombres,tocarlos,obrar en ellos. Como a Mar\u00eda,se me concede llevarte al mundo y a los hombres. Unida a time pongo en camino desde aqu\u00edhacia &#8230; <a title=\"Contigo \u2013 Textos de M. Kraus\" class=\"read-more\" href=\"https:\/\/www.frauen-von-schoenstatt.de\/es\/rincon-creativo\/mit-dir\/\" aria-label=\"Leer m\u00e1s sobre Contigo \u2013 Textos de M. Kraus\">Leer m\u00e1s<\/a><\/p>\n","protected":false},"featured_media":1027,"template":"","meta":{"_acf_changed":false,"footnotes":""},"class_list":["post-1282","kreativecke","type-kreativecke","status-publish","has-post-thumbnail","hentry"],"acf":[],"_links":{"self":[{"href":"https:\/\/www.frauen-von-schoenstatt.de\/es\/wp-json\/wp\/v2\/kreativecke\/1282","targetHints":{"allow":["GET"]}}],"collection":[{"href":"https:\/\/www.frauen-von-schoenstatt.de\/es\/wp-json\/wp\/v2\/kreativecke"}],"about":[{"href":"https:\/\/www.frauen-von-schoenstatt.de\/es\/wp-json\/wp\/v2\/types\/kreativecke"}],"version-history":[{"count":1,"href":"https:\/\/www.frauen-von-schoenstatt.de\/es\/wp-json\/wp\/v2\/kreativecke\/1282\/revisions"}],"predecessor-version":[{"id":1283,"href":"https:\/\/www.frauen-von-schoenstatt.de\/es\/wp-json\/wp\/v2\/kreativecke\/1282\/revisions\/1283"}],"wp:featuredmedia":[{"embeddable":true,"href":"https:\/\/www.frauen-von-schoenstatt.de\/es\/wp-json\/wp\/v2\/media\/1027"}],"wp:attachment":[{"href":"https:\/\/www.frauen-von-schoenstatt.de\/es\/wp-json\/wp\/v2\/media?parent=1282"}],"curies":[{"name":"wp","href":"https:\/\/api.w.org\/{rel}","templated":true}]}}

<p>Tú, Cristo, estás ahí,<br>te me regalas por entero,<br>vives en mí,<br>quieres obrar a través de mí,<br>ir en mí hacia los hombres.</p>



<p>A través de mí quieres estar presente en el mundo,<br>acercarte a los hombres,<br>tocarlos,<br>obrar en ellos.</p>



<p>Como a María,<br>se me concede llevarte al mundo y a los hombres.</p>



<p>Unida a ti<br>me pongo en camino desde aquí<br>hacia donde me necesites<br>para hacerte presente.</p>



<p>Tú dices: «Quien me ha visto a mí ha visto al Padre».<br>Eso mismo han de poder experimentar los hombres también hoy a través de nosotras:<br>quien me ve a mí debe poder ver al Padre;</p>



<p>quien se encuentre conmigo debe poder encontrarse con Cristo;<br>quien me vea actuar debe ver actuar al Espíritu de Dios a través de mí.</p>



<p>Tú, Dios de nuestra vida,<br>cuya misión solo vivimos<br>si estás, obras y actúas en nosotras,</p>



<p>haz que seamos cada vez más imagen tuya,<br>vaso tuyo,<br>unidas a ti.</p>



<p>Camina con nosotras y actúa en nosotras y a través de nosotras.</p>



<p><strong>Al pie de la cruz</strong></p>



<p>Tú dijiste SÍ, María,<br>en aquel entonces, en el momento de la anunciación,<br>sin sospechar lo que se avecinaba.</p>



<p>Y mantuviste tu SÍ<br>a lo largo de toda tu vida.</p>



<p>Ese SÍ<br>cambió tu vida,<br>te llevó al pie de la cruz.</p>



<p>Tú no LO dejaste solo<br>en esa hora difícil;<br>te mantuviste de SU parte,<br>permaneciste junto a ÉL<br>donde todos los demás lo abandonaron.</p>



<p>Tú <strong>estuviste de pie </strong>junto a la cruz,<br>nos relata el Evangelio de Juan.<br><br>Me detengo en la expresión «estar de pie»:</p>



<p>¡tú estuviste de pie!</p>



<p>¿Cómo se puede estar de pie en esa hora inconcebible?</p>



<p>Noto que hay más cosas en ese «estar de pie»:<br>tú no te dejas doblegar.</p>



<p>Tú, mujer de fuerza increíble,<br>tú mantienes tu SÍ de entonces,<br>estás de pie junto a ÉL,<br>te mantienes de SU parte<br>aun cuando nadie más lo hace.</p>



<p>¡Qué fe tan profunda<br>tienes que tener en ese Dios!</p>



<p>¡Qué confianza<br>en que las tinieblas y el dolor no son lo último,<br>incluso cuando no lo comprendes!<br>¡Y qué amor tan profundo tienes que tener a ese Jesús, tu Hijo!</p>



<p>¡Adéntrame<br>en esa fe inconmovible,<br>en tu confianza firme cual roca<br>y en tu profundo amor a ÉL!</p>



<p>Haz que esté de pie contigo<br>al pie de mi cruz de cada día,<br>en toda oscuridad,<br>cada vez que no entienda por qué sucede alguna cosa.</p>



<p>«Ahí tienes a tu madre», dijo Jesús:<br>no se lo dice solo a Juan,<br>sino también a mí.</p>



<p>«Ahí tienes a tu madre».<br>Porque sabe cuánto nos cuesta<br>a los hombres sobrellevar esas situaciones,<br>nos ha confiado al cuidado de alguien:<br>de una mujer fuerte,<br>su propia madre;<br>alguien que sabe<br>qué difícil es a veces estar de pie.</p>



<p>¡Dame tu apoyo, Madre!</p>



<p>A través de mí quieres estar presente en el mundo,<br>acercarte a los hombres,<br>tocarlos,<br>obrar en ellos.</p>



<p>Como a María,<br>se me concede llevarte al mundo y a los hombres.</p>



<p>Unida a ti<br>me pongo en camino desde aquí<br>hacia donde me necesites<br>para hacerte presente.</p>



<p>Tú dices: «Quien me ha visto a mí ha visto al Padre».<br>Eso mismo han de poder experimentar los hombres también hoy a través de nosotras:<br>quien me ve a mí debe poder ver al Padre;</p>



<p>quien se encuentre conmigo debe poder encontrarse con Cristo;<br>quien me vea actuar debe ver actuar al Espíritu de Dios a través de mí.</p>



<p>Tú, Dios de nuestra vida,<br>cuya misión solo vivimos<br>si estás, obras y actúas en nosotras,</p>



<p>haz que seamos cada vez más imagen tuya,<br>vaso tuyo,<br>unidas a ti.</p>



<p>Camina con nosotras y actúa en nosotras y a través de nosotras.</p>



<p><strong>Al pie de la cruz</strong></p>



<p>Tú dijiste SÍ, María,<br>en aquel entonces, en el momento de la anunciación,<br>sin sospechar lo que se avecinaba.</p>



<p>Y mantuviste tu SÍ<br>a lo largo de toda tu vida.</p>



<p>Ese SÍ<br>cambió tu vida,<br>te llevó al pie de la cruz.</p>



<p>Tú no LO dejaste solo<br>en esa hora difícil;<br>te mantuviste de SU parte,<br>permaneciste junto a ÉL<br>donde todos los demás lo abandonaron.</p>



<p>Tú <strong>estuviste de pie </strong>junto a la cruz,<br>nos relata el Evangelio de Juan.<br><br>Me detengo en la expresión «estar de pie»:</p>



<p>¡tú estuviste de pie!</p>



<p>¿Cómo se puede estar de pie en esa hora inconcebible?</p>



<p>Noto que hay más cosas en ese «estar de pie»:<br>tú no te dejas doblegar.</p>



<p>Tú, mujer de fuerza increíble,<br>tú mantienes tu SÍ de entonces,<br>estás de pie junto a ÉL,<br>te mantienes de SU parte<br>aun cuando nadie más lo hace.</p>



<p>¡Qué fe tan profunda<br>tienes que tener en ese Dios!</p>



<p>¡Qué confianza<br>en que las tinieblas y el dolor no son lo último,<br>incluso cuando no lo comprendes!<br>¡Y qué amor tan profundo tienes que tener a ese Jesús, tu Hijo!</p>



<p>¡Adéntrame<br>en esa fe inconmovible,<br>en tu confianza firme cual roca<br>y en tu profundo amor a ÉL!</p>



<p>Haz que esté de pie contigo<br>al pie de mi cruz de cada día,<br>en toda oscuridad,<br>cada vez que no entienda por qué sucede alguna cosa.</p>



<p>«Ahí tienes a tu madre», dijo Jesús:<br>no se lo dice solo a Juan,<br>sino también a mí.</p>



<p>«Ahí tienes a tu madre».<br>Porque sabe cuánto nos cuesta<br>a los hombres sobrellevar esas situaciones,<br>nos ha confiado al cuidado de alguien:<br>de una mujer fuerte,<br>su propia madre;<br>alguien que sabe<br>qué difícil es a veces estar de pie.</p>



<p>¡Dame tu apoyo, Madre!</p>



<p></p>

<p>Tú, Cristo, estás ahí,te me regalas por entero,vives en mí,quieres obrar a través de mí,ir en mí hacia los hombres. A través de mí quieres estar presente en el mundo,acercarte a los hombres,tocarlos,obrar en ellos. Como a María,se me concede llevarte al mundo y a los hombres. Unida a time pongo en camino desde aquíhacia &#8230; <a title="Contigo – Textos de M. Kraus" class="read-more" href="https://www.frauen-von-schoenstatt.de/es/rincon-creativo/mit-dir/" aria-label="Leer más sobre Contigo – Textos de M. Kraus">Leer más</a></p>
